022
Convert 1b7343 (base 13) to base 6.
23011125
3177b (base 12) to base 9
108185
What is 10011111101111100011011 (base 2) in base 15?
6d5e3e
1773664 (base 10) to base 3
10100010000021
1010010001000100110 (base 2) to base 9
562432
What is -544513032 (base 6) in base 2?
-100101001011001110001100
What is 676bc7 (base 13) in base 15?
333c44
Convert 5660b (base 14) to base 9.
348624
946152 (base 11) to base 9
2760732
What is -20312000312 (base 4) in base 5?
-1043142030
Convert -1162255 (base 7) to base 8.
-444266
-a080 (base 13) to base 2
-101011000111010
22200531 (base 6) to base 5
132401220
What is 36012 (base 11) in base 4?
30223102
Convert -2660698 (base 11) to base 3.
-22122121102021
-186e6b (base 15) to base 10
-1187876
What is 2200002202001 (base 3) in base 11?
88a27a
-216530 (base 7) to base 12
-1a22b
What is 777664 (base 8) in base 16?
3ffb4
What is -61850 (base 16) in base 2?
-1100001100001010000
-108371 (base 9) to base 3
-10022102101
-44134566 (base 7) to base 10
-3790443
What is -4340131 (base 5) in base 7?
-426646
1634014 (base 9) to base 10
908347
Convert 2737151 (base 12) to base 10.
7788301
Convert 7177805 (base 10) to base 5.
3314142210
What is -3d340 (base 16) in base 10?
-250688
Convert -1911a8 (base 13) to base 8.
-2320076
Convert -10650057 (base 8) to base 3.
-11100120121100
What is 312021200 (base 4) in base 3?
102021020112
What is -3006540 (base 11) in base 12?
-194875a
What is 6c5a6 (base 15) in base 4?
1110112323
Convert -6440 (base 14) to base 3.
-212201220
What is -a29341 (base 15) in base 8?
-35362037
Convert -625c62 (base 16) to base 12.
-21aa516
100100011111111101011011 (base 2) to base 16
91ff5b
-22b6434 (base 14) to base 9
-34162051
Convert -236c0b3 (base 14) to base 16.
-1026cbd
What is 190164 (base 11) in base 12?
121697
Convert -153d05 (base 15) to base 7.
-11500646
2103133331 (base 4) to base 8
2233775
1a27455 (base 12) to base 10
5528513
Convert -c125c (base 15) to base 6.
-21034340
-464506 (base 8) to base 4
-212211012
Convert 121011221212 (base 3) to base 9.
534855
-110010001110111010010100 (base 2) to base 16
-c8ee94
-3460655 (base 8) to base 6
-32111245
Convert -110340030 (base 6) to base 5.
-1002104312
Convert -431978 (base 10) to base 15.
-87ed8
-4200115 (base 7) to base 5
-112114041
What is -10054062 (base 7) in base 13?
-233c5b
-323077 (base 8) to base 9
-174245
Convert 112200100212 (base 3) to base 13.
a169c
What is 343508 (base 14) in base 12?
717b98
-e5585 (base 16) to base 13
-26b774
Convert 402054125 (base 6) to base 3.
110211110010222
-399541 (base 10) to base 11
-2531aa
104475 (base 8) to base 15
a623
Convert 10100000011101001100 (base 2) to base 9.
1211483
Convert -1341e (base 15) to base 5.
-3433204
What is -106dd11 (base 14) in base 16?
-76fdfb
What is 47b67b (base 15) in base 5?
1334233331
What is -2b976 (base 14) in base 8?
-324524
617056 (base 12) to base 13
4156c2
Convert -1074241 (base 11) to base 10.
-1879659
Convert -2451708 (base 9) to base 10.
-1333187
Convert 39c040 (base 13) to base 10.
1397344
What is -159919 (base 12) in base 5?
-43310011
What is -2e994f (base 16) in base 2?
-1011101001100101001111
-72079 (base 15) to base 7
-3033114
What is 121 (base 15) in base 13?
169
What is -195c1a (base 13) in base 3?
-1012120210202
Convert 3053222 (base 12) to base 16.
8a5a7a
What is 12354542 (base 7) in base 2?
100010010001001100010
11a1a8 (base 12) to base 2
1000110000110010000
Convert 4713432 (base 11) to base 14.
11443bc
-8e2350 (base 16) to base 3
-122112020222122
What is -230030404 (base 6) in base 12?
-14a8404
11330231223 (base 5) to base 13
294aabb
What is -101001010100111010 (base 2) in base 3?
-22121012102
What is 222010232 (base 4) in base 5?
21003314
What is 10100110111000010101001 (base 2) in base 11?
30a5489
What is -142b752 (base 12) in base 3?
-21121101202122
Convert 17559b (base 13) to base 5.
122130203
4a18a9 (base 11) to base 4
3001213020
Convert 111000101010010001110 (base 2) to base 6.
103443342
Convert -8b246 (base 13) to base 2.
-111101110001111011
Convert -2024040 (base 5) to base 9.
-50258
2333101320 (base 4) to base 14
16574c
43987d (base 15) to base 2
1100010010100010100100
What is 2dd8bd (base 16) in base 3?
12122122112200
What is -3445361 (base 8) in base 4?
-3210223301
What is -10010101111010000111101 (base 2) in base 14?
-91c229
What is -12012110102112 (base 3) in base 13?
-75a508
111010001100010011100100 (base 2) to base 7
243443336
What is 10513437 (base 8) in base 4?
20221130133
What is 7206a (base 11) in base 9?
170306
-558878 (base 9) to base 5
-41201401
Convert -1522415 (base 6) to base 12.
-4340b
What is -15030 (base 8) in base 13?
-306b
What is 139816 (base 12) in base 10?
327762
-20a755 (base 11) to base 8
-1220677
35008 (base 12) to base 4
101103020
3546a14 (base 13) to base 2
111110110100000001101001
410700 (base 8) to base 9
226024
What is 1101011110101010110 (base 2) in base 4?
1223311112
Convert -362385 (base 10) to base 5.
-43044020
What is 1003031 (base 7) in base 16?
1cfac
What is 300695 (base 12) in base 16?
b67d1
Convert 23534b (base 12) to base 10.
569003
What is 16065043 (base 7) in base 3?
2220112011001
Convert -312013130 (base 4) to base 5.
-24043120
-12232123303 (base 4) to base 13
-49963c
Convert 111110000100010110111 (base 2) to base 13.
56297a
Convert -2062268 (base 11) to base 15.
-4bbad1
-1433043 (base 6) to base 3
-11011221000
Convert 11101100000100000111 (base 2) to base 14.
1b2539
What is -330672 (base 9) in base 12?
-96285
Convert -11101111100010 (base 2) to base 13.
-6c93
What is 20115 (base 12) in base 6?
520425
What is 33132100 (base 5) in base 12?
119991
What is 170ac65 (base 13) in base 12?
25b3385
What is 6703701 (base 9) in base 2?
1101110000000100001000
What is -14553254 (base 7) in base 12?
-571215
Convert 1031020321 (base 4) to base 8.
1151071
1722599 (base 12) to base 6
250151513
What is -111000201202 (base 3) in base 5?
-31201122
Convert 1888318 (base 10) to base 12.
77093a
What is -25167110 (base 8) in base 13?
-11cb609
412506 (base 10) to base 2
1100100101101011010
What is ab9b9 (base 12) in base 7?
1636104
Convert -246311 (base 8) to base 12.
-41375
What is 12121020102110 (base 3) in base 10?
2976816
Convert -5827863 (base 9) to base 14.
-5bd5cb
What is 11051141 (base 6) in base 9?
557237
Convert -442d02 (base 14) to base 9.
-4314747
Convert -435609 (base 13) to base 9.
-2872246
11023302 (base 4) to base 2
101001011110010
Convert 41d42 (base 14) to base 13.
574bb
-2254855 (base 14) to base 15
-167b499
19b541 (base 12) to base 14
bbc89
-100110110011011 (base 2) to base 14
-7351
13978 (base 12) to base 9
41412
What is 301320212 (base 4) in base 8?
617046
What is -1098778 (base 14) in base 13?
-18372c1
What is 1333712 (base 11) in base 9?
4300713
Convert 516110 (base 14) to base 4.
22131332102
What is 11010000011110101001 (base 2) in base 9?
1541330
-123404 (base 5) to base 15
-1689
Convert -76665 (base 8) to base 7.
-162552
-1746751 (base 9) to base 7
-11203345
What is -10443151 (base 6) in base 11?
-1a7137
Convert 2cdb22 (base 15) to base 2.
1000010010011011011000
Convert 1679bb (base 13) to base 11.
352580
102111330223 (base 4) to base 2
10010010101111100101011
599588 (base 11) to base 15
13b5d9
-6ab6 (base 14) to base 2
-100100010011000
What is -152025 (base 6) in base 8?
-34561
-196bc0 (base 14) to base 6
-31201324
What is -7020706 (base 10) in base 12?
-2426aaa
-381724 (base 9) to base 6
-4541121
What is 270215 (base 9) in base 14?
43ba9
What is 201a7 (base 11) in base 6?
344400
What is -101201110122 (base 3) in base 16?
-3384e
-384496 (base 15) to base 9
-5061446
Convert 25006 (base 8) to base 12.
6286
Convert -12440440 (base 5) to base 14.
-33527
What is -1100010101110101011 (base 2) in base 14?
-a7535
-360632 (base 8) to base 16
-1e19a
What is -16538410 (base 9) in base 12?
-293b030
What is -299ac (base 14) in base 4?
-121100110
What is 1a94 (base 15) in base 11?
4370
10111234 (base 5) to base 15
194b4
Convert 221212110201 (base 3) to base 14.
d37c5
Convert 39b87b (base 12) to base 2.
11101000110000011111
Convert -4617677 (base 9) to base 11.
-1452538
-9a2bce (base 16) to base 14
-14b01b0
What is -20221120202 (base 3) in base 13?
-4a321
Convert -2322321310 (base 4) to base 2.
-10111010111001110100
Wha